{"id":395,"date":"2015-02-01T13:21:19","date_gmt":"2015-02-01T13:21:19","guid":{"rendered":"http:\/\/www.piemonteis.org\/?page_id=395"},"modified":"2015-06-17T19:55:02","modified_gmt":"2015-06-17T19:55:02","slug":"informativa-sulla-privacy","status":"publish","type":"page","link":"http:\/\/www.piemonteis.org\/?page_id=395","title":{"rendered":"Informativa sulla privacy"},"content":{"rendered":"<p>RISERVATO AI MINORI<\/p>\n<p>Potrete utilizzare il sito piemonteis.org solo in presenza di un genitore o di un adulto che ne faccia le veci.<\/p>\n<p>Decliniamo qualsiasi responsabilita&#8217; in caso di un uso non conforme del sito.<\/p>\n<p>&nbsp;<\/p>\n<p>INFORMATIVA AI SENSI DELL&#8217;ART. 13 DEL DLG 30 giugno 2003 196 (CODICE IN MATERIA DI PROTEZIONE DEI DATI PERSONALI)<\/p>\n<p>&nbsp;<\/p>\n<p>Desideriamo informarLa che i dati personali che da Lei verranno forniti per l&#8217;attivazione dei servizi richiesti saranno trattati, da parte di questo sito, adottando le misure idonee a garantirne la sicurezza e la riservatezza, nel rispetto della normativa sopra richiamata.<\/p>\n<p>Piemonteis.org \u00e8 titolare del trattamento dei vostri dati di cui garantisce la massima riservatezza e perizia nel trattamento; per conoscere le generalit\u00e0 dei responsabili del trattamento dei dati personali scrivere a amministrazione@piemonteis.org<\/p>\n<p>&nbsp;<\/p>\n<p>1. I dati in questione sono raccolti e trattati:<\/p>\n<p>in esecuzione di obblighi previsti dalla legge;<\/p>\n<p>per la gestione ottimale del servizio di cui Lei sta completando la registrazione;<\/p>\n<p>per finalit\u00e0 connesse alla promozione di prodotti e servizi da parte di piemonteis.org e per lo svolgimento di attivit\u00e0 di carattere statistico.<\/p>\n<p>per la raccolta di dati ed informazioni sui suoi orientamenti e preferenze; inviare informazioni ed offerte commerciali, anche di terzi; inviare materiale pubblicitario e informativo; effettuare comunicazioni commerciali; compiere attivit\u00e0 dirette di vendita o di collocamento di prodotti o servizi; elaborare studi e ricerche statistiche su vendite, clienti e altre informazioni e comunicare le stesse a terze parti; cedere a terzi, anche al di fuori del territorio dell&#8217;Unione Europea, i dati raccolti ed elaborati a fini commerciali anche per la vendita o tentata vendita, ovvero per tutte quelle finalit\u00e0 a carattere commerciale e\/o statistico lecite.<\/p>\n<p>&nbsp;<\/p>\n<p>2. I trattamenti saranno effettuati sia manualmente sia con l&#8217;ausilio di mezzi elettronici, o comunque automatizzati, e comprendono, nel rispetto dei limiti e delle condizioni poste dall&#8217;articolo 11 del d.lgs. 196\/03, tutte le operazioni, o complesso di operazioni, previste dallo stesso decreto con il termine &#8220;trattamento&#8221;.<\/p>\n<p>&nbsp;<\/p>\n<p>3. Il conferimento dei dati richiesti \u00e8 obbligatorio, essendo connesso all&#8217;esecuzione di obblighi di legge e\/o specificatamente richiesto per poter usufruire del servizio<\/p>\n<p>&nbsp;<\/p>\n<p>4. I Suoi dati personali potranno essere comunicati alle Autorit\u00e0 che ne facessero richiesta per l&#8217;espletamento delle attivit\u00e0 funzionali ad esse attribuite per legge, quale ad esempio l&#8217;Amministrazione Finanziaria; potranno, altres\u00ec, essere comunicati a societ\u00e0 selezionate per la promozione di prodotti e servizi.<\/p>\n<p>&nbsp;<\/p>\n<p>In relazione ai trattamenti sopra descritti, Le \u00e8 riconosciuto l&#8217;esercizio dei diritti di cui all&#8217;articolo 7 del d.lgs. 196\/03.<\/p>\n<p>&nbsp;<\/p>\n<p>Decreto legislativo 30 giugno 2003, n. 196<\/p>\n<p>Articolo 7<\/p>\n<p>Diritto di accesso ai dati personali ed altri diritti<\/p>\n<p>&nbsp;<\/p>\n<ol>\n<li>L&#8217;interessato ha diritto di ottenere la conferma dell&#8217;esistenza o meno di dati personali che lo riguardano, anche se non ancora registrati, e la loro comunicazione in forma intelligibile.<\/li>\n<\/ol>\n<p>&nbsp;<\/p>\n<ol start=\"2\">\n<li>L&#8217;interessato ha diritto di ottenere:<\/li>\n<\/ol>\n<p>&nbsp;<\/p>\n<ol>\n<li>a) dell&#8217;origine dei dati personali;<\/li>\n<li>b) delle finalit\u00e0 del trattamento;<\/li>\n<li>c) della logica applicata in caso di trattamento effettuato con l&#8217;ausilio di strumenti;<\/li>\n<li>d) degli estremi identificativi del titolare, dei responsabili e del rappresentante designato ai sensi dell&#8217;articolo 5, comma2;<\/li>\n<li>e) dei soggetti o delle categorie di soggetti ai quali i dati personali possono essere comunicati o che possono venirne a conoscenza in qualit\u00e0 di rappresentante designato nel Territorio dello Stato, di responsabili o incaricati.<\/li>\n<\/ol>\n<p>&nbsp;<\/p>\n<ol start=\"3\">\n<li>L&#8217;interessato ha diritto di ottenere:<\/li>\n<li>a) l&#8217;aggiornamento, la rettifica ovvero, quando vi ha interesse, l&#8217;integrazione dei dati;<\/li>\n<li>b) la cancellazione, la trasformazione in forma anonima o il blocco dei dati trattati in violazione di legge, compresi quelli di cui non \u00e8 necessaria la conservazione in relazione agli scopi per i quali i dati sono stati raccolti o successivamente trattati;<\/li>\n<li>c) l&#8217;attestazione che le operazioni di cui alle lettere a) e b) sono state portate a conoscenza, anche per quanto riguarda il loro contenuto, di coloro ai quali i dati sono stati comunicati o diffusi, eccettuato il caso in cui tale adempimento si rivela impossibile o comporta un impiego di mezzi manifestatamene sproporzionato rispetto al diritto tutelato.<\/li>\n<\/ol>\n<p>&nbsp;<\/p>\n<p>&nbsp;<\/p>\n<ol start=\"4\">\n<li>L&#8217;interessato ha diritto di opporsi, in tutto o in parte:<\/li>\n<li>a) per motivi legittimi al trattamento dei dati personali che lo riguardano, ancorch\u00e9 pertinenti allo scopo della raccolta;<\/li>\n<li>b) al trattamento dei dati personali che lo riguardano ai fini di invio di materiale pubblicitario o di vendita diretta o per il compimento di ricerche di mercato o di comunicazione commerciale.<\/li>\n<\/ol>\n<p>&nbsp;<\/p>\n<p>Per l&#8217;esercizio di tali diritti, successivamente all&#8217;iscrizione \u00e8 possibile scrivere a amministrazione@piemonteis.org<\/p>\n<p>&nbsp;<\/p>\n<p>Dopo aver letto la nota informativa, esprimo il mio consenso al trattamento dei miei dati personali ed alla comunicazione di essi secondo le modalit\u00e0 specificate.<\/p>\n<p>Acconsento inoltre che i miei dati siano utilizzati per l&#8217;invio di informazioni commerciali, per ricerche di mercato, statistiche commerciali e ceduti a terzi per le medesime finalit\u00e0.<\/p>\n<p>&nbsp;<\/p>\n<p>In mancanza del Suo consenso il servizio non potr\u00e0 essere erogato.<\/p>\n","protected":false},"excerpt":{"rendered":"<p>RISERVATO AI MINORI Potrete utilizzare il sito piemonteis.org solo in presenza di un genitore o di un adulto che ne faccia le veci&#8230;.<\/p>\n","protected":false},"author":1,"featured_media":0,"parent":0,"menu_order":0,"comment_status":"open","ping_status":"open","template":"","meta":{"footnotes":""},"_links":{"self":[{"href":"http:\/\/www.piemonteis.org\/index.php?rest_route=\/wp\/v2\/pages\/395"}],"collection":[{"href":"http:\/\/www.piemonteis.org\/index.php?rest_route=\/wp\/v2\/pages"}],"about":[{"href":"http:\/\/www.piemonteis.org\/index.php?rest_route=\/wp\/v2\/types\/page"}],"author":[{"embeddable":true,"href":"http:\/\/www.piemonteis.org\/index.php?rest_route=\/wp\/v2\/users\/1"}],"replies":[{"embeddable":true,"href":"http:\/\/www.piemonteis.org\/index.php?rest_route=%2Fwp%2Fv2%2Fcomments&post=395"}],"version-history":[{"count":3,"href":"http:\/\/www.piemonteis.org\/index.php?rest_route=\/wp\/v2\/pages\/395\/revisions"}],"predecessor-version":[{"id":999,"href":"http:\/\/www.piemonteis.org\/index.php?rest_route=\/wp\/v2\/pages\/395\/revisions\/999"}],"wp:attachment":[{"href":"http:\/\/www.piemonteis.org\/index.php?rest_route=%2Fwp%2Fv2%2Fmedia&parent=395"}],"curies":[{"name":"wp","href":"https:\/\/api.w.org\/{rel}","templated":true}]}}

<p>RISERVATO AI MINORI</p>
<p>Potrete utilizzare il sito piemonteis.org solo in presenza di un genitore o di un adulto che ne faccia le veci.</p>
<p>Decliniamo qualsiasi responsabilita&#8217; in caso di un uso non conforme del sito.</p>
<p>&nbsp;</p>
<p>INFORMATIVA AI SENSI DELL&#8217;ART. 13 DEL DLG 30 giugno 2003 196 (CODICE IN MATERIA DI PROTEZIONE DEI DATI PERSONALI)</p>
<p>&nbsp;</p>
<p>Desideriamo informarLa che i dati personali che da Lei verranno forniti per l&#8217;attivazione dei servizi richiesti saranno trattati, da parte di questo sito, adottando le misure idonee a garantirne la sicurezza e la riservatezza, nel rispetto della normativa sopra richiamata.</p>
<p>Piemonteis.org è titolare del trattamento dei vostri dati di cui garantisce la massima riservatezza e perizia nel trattamento; per conoscere le generalità dei responsabili del trattamento dei dati personali scrivere a amministrazione@piemonteis.org</p>
<p>&nbsp;</p>
<p>1. I dati in questione sono raccolti e trattati:</p>
<p>in esecuzione di obblighi previsti dalla legge;</p>
<p>per la gestione ottimale del servizio di cui Lei sta completando la registrazione;</p>
<p>per finalità connesse alla promozione di prodotti e servizi da parte di piemonteis.org e per lo svolgimento di attività di carattere statistico.</p>
<p>per la raccolta di dati ed informazioni sui suoi orientamenti e preferenze; inviare informazioni ed offerte commerciali, anche di terzi; inviare materiale pubblicitario e informativo; effettuare comunicazioni commerciali; compiere attività dirette di vendita o di collocamento di prodotti o servizi; elaborare studi e ricerche statistiche su vendite, clienti e altre informazioni e comunicare le stesse a terze parti; cedere a terzi, anche al di fuori del territorio dell&#8217;Unione Europea, i dati raccolti ed elaborati a fini commerciali anche per la vendita o tentata vendita, ovvero per tutte quelle finalità a carattere commerciale e/o statistico lecite.</p>
<p>&nbsp;</p>
<p>2. I trattamenti saranno effettuati sia manualmente sia con l&#8217;ausilio di mezzi elettronici, o comunque automatizzati, e comprendono, nel rispetto dei limiti e delle condizioni poste dall&#8217;articolo 11 del d.lgs. 196/03, tutte le operazioni, o complesso di operazioni, previste dallo stesso decreto con il termine &#8220;trattamento&#8221;.</p>
<p>&nbsp;</p>
<p>3. Il conferimento dei dati richiesti è obbligatorio, essendo connesso all&#8217;esecuzione di obblighi di legge e/o specificatamente richiesto per poter usufruire del servizio</p>
<p>&nbsp;</p>
<p>4. I Suoi dati personali potranno essere comunicati alle Autorità che ne facessero richiesta per l&#8217;espletamento delle attività funzionali ad esse attribuite per legge, quale ad esempio l&#8217;Amministrazione Finanziaria; potranno, altresì, essere comunicati a società selezionate per la promozione di prodotti e servizi.</p>
<p>&nbsp;</p>
<p>In relazione ai trattamenti sopra descritti, Le è riconosciuto l&#8217;esercizio dei diritti di cui all&#8217;articolo 7 del d.lgs. 196/03.</p>
<p>&nbsp;</p>
<p>Decreto legislativo 30 giugno 2003, n. 196</p>
<p>Articolo 7</p>
<p>Diritto di accesso ai dati personali ed altri diritti</p>
<p>&nbsp;</p>
<ol>
<li>L&#8217;interessato ha diritto di ottenere la conferma dell&#8217;esistenza o meno di dati personali che lo riguardano, anche se non ancora registrati, e la loro comunicazione in forma intelligibile.</li>
</ol>
<p>&nbsp;</p>
<ol start="2">
<li>L&#8217;interessato ha diritto di ottenere:</li>
</ol>
<p>&nbsp;</p>
<ol>
<li>a) dell&#8217;origine dei dati personali;</li>
<li>b) delle finalità del trattamento;</li>
<li>c) della logica applicata in caso di trattamento effettuato con l&#8217;ausilio di strumenti;</li>
<li>d) degli estremi identificativi del titolare, dei responsabili e del rappresentante designato ai sensi dell&#8217;articolo 5, comma2;</li>
<li>e) dei soggetti o delle categorie di soggetti ai quali i dati personali possono essere comunicati o che possono venirne a conoscenza in qualità di rappresentante designato nel Territorio dello Stato, di responsabili o incaricati.</li>
</ol>
<p>&nbsp;</p>
<ol start="3">
<li>L&#8217;interessato ha diritto di ottenere:</li>
<li>a) l&#8217;aggiornamento, la rettifica ovvero, quando vi ha interesse, l&#8217;integrazione dei dati;</li>
<li>b) la cancellazione, la trasformazione in forma anonima o il blocco dei dati trattati in violazione di legge, compresi quelli di cui non è necessaria la conservazione in relazione agli scopi per i quali i dati sono stati raccolti o successivamente trattati;</li>
<li>c) l&#8217;attestazione che le operazioni di cui alle lettere a) e b) sono state portate a conoscenza, anche per quanto riguarda il loro contenuto, di coloro ai quali i dati sono stati comunicati o diffusi, eccettuato il caso in cui tale adempimento si rivela impossibile o comporta un impiego di mezzi manifestatamene sproporzionato rispetto al diritto tutelato.</li>
</ol>
<p>&nbsp;</p>
<p>&nbsp;</p>
<ol start="4">
<li>L&#8217;interessato ha diritto di opporsi, in tutto o in parte:</li>
<li>a) per motivi legittimi al trattamento dei dati personali che lo riguardano, ancorché pertinenti allo scopo della raccolta;</li>
<li>b) al trattamento dei dati personali che lo riguardano ai fini di invio di materiale pubblicitario o di vendita diretta o per il compimento di ricerche di mercato o di comunicazione commerciale.</li>
</ol>
<p>&nbsp;</p>
<p>Per l&#8217;esercizio di tali diritti, successivamente all&#8217;iscrizione è possibile scrivere a amministrazione@piemonteis.org</p>
<p>&nbsp;</p>
<p>Dopo aver letto la nota informativa, esprimo il mio consenso al trattamento dei miei dati personali ed alla comunicazione di essi secondo le modalità specificate.</p>
<p>Acconsento inoltre che i miei dati siano utilizzati per l&#8217;invio di informazioni commerciali, per ricerche di mercato, statistiche commerciali e ceduti a terzi per le medesime finalità.</p>
<p>&nbsp;</p>
<p>In mancanza del Suo consenso il servizio non potrà essere erogato.</p>
