{"id":6911,"date":"2023-09-18T20:15:04","date_gmt":"2023-09-18T20:15:04","guid":{"rendered":"https:\/\/www.piemonteis.org\/?post_type=tribe_events&#038;p=6911"},"modified":"2023-09-18T20:15:04","modified_gmt":"2023-09-18T20:15:04","slug":"7-e-8-ottobre-a-volpiano-torna-la-festa-medievale-1339-de-bello-canepiciano","status":"publish","type":"tribe_events","link":"https:\/\/www.piemonteis.org\/?tribe_events=7-e-8-ottobre-a-volpiano-torna-la-festa-medievale-1339-de-bello-canepiciano","title":{"rendered":"7 e 8 ottobre: a Volpiano torna la Festa Medievale &#8220;1339 &#8211; De Bello Canepiciano&#8221;"},"content":{"rendered":"<p>Nel fine settimana del 7 e 8 ottobre il comune canavesano di<strong> Volpiano<\/strong> torner\u00e0 ad ospitare la manifestazione battezzata &#8220;<strong>1339 &#8211; De Bello Canepiciano<\/strong>&#8220;, settima edizione dell&#8217;evento organizzato dalla Pro Loco di Volpiano e ideato dall&#8217;associazione <strong>Tavola di Smeraldo <\/strong>che da tempo opera in ambito storico-culturale per lo studio e la valorizzazione del territorio con particolare riguardo al periodo medievale.<\/p>\n<p><img decoding=\"async\" loading=\"lazy\" class=\"size-medium aligncenter\" src=\"https:\/\/i.pinimg.com\/originals\/47\/aa\/b0\/47aab0ebacabd9dd8aa8b66dfce3d6b3.jpg\" width=\"720\" height=\"723\" \/><\/p>\n<p>Nata nel 2010 e inserita nel circuito delle rievocazioni storiche di qualit\u00e0 della Citt\u00e0 Metropolitana di Torino, la manifestazione riporta all&#8217;attenzione generale una fase particolarmente drammatica della storia volpianese e canavesana, il lungo conflitto trecentesco noto come &#8220;<strong>Guerra del Canavese<\/strong>&#8220;, descritto dal cronista novarese Pietro Azario (1312-dopo 1366) nel volume intitolato &#8220;<strong><em>De Bello Canepiciano<\/em><\/strong>&#8220;. Il testo dell&#8217;Azario ripercorre i passaggi salienti del conflitto che trasse origine dalle aspre rivalit\u00e0 tra le due pi\u00f9 influenti famiglie comitali canavesane, apparentate fra loro, ma fieramente avversarie: i <strong>ghibellini Valperga<\/strong>, appoggiati dai marchesi Paleologi del Monferrato, e i<strong> guelfi San Martino<\/strong>, sostenuti dai principi di Savoia-Acaia, vassalli dei conti di Savoia.<\/p>\n<p>Come si evince dal sito internet dell&#8217;associazione Tavola di Smeraldo, fautrice del rinnovato interesse per i trascorsi medievali del comune canavesano, l&#8217;evento volpianese \u00a0si focalizza, in particolare, &#8220;<em>sull&#8217;episodio\u00a0della<strong>\u00a0presa del Castello di Volpiano<\/strong>, avvenuta nel 1339 ad opera di un certo\u00a0Pietro da Settimo\u00a0che, alle dipendenze del\u00a0Marchese Giovanni II Paleologo, riusc\u00ec a compiere l\u2019impresa con un sotterfugio&#8221;<\/em>.\u00a0<strong>Giovanni II Paleologo, <\/strong>marchese del Monferrato, mor\u00ec proprio nel castello di Volpiano e qui, nel marzo 1372, fu redatto il suo testamento.<\/p>\n<p><img decoding=\"async\" loading=\"lazy\" class=\"size-medium aligncenter\" src=\"https:\/\/i.pinimg.com\/originals\/a4\/47\/b0\/a447b073ad80e307ae580962b2ec83cc.jpg\" width=\"720\" height=\"503\" \/><\/p>\n<p>Prendendo spunto dalla rievocazione del passato, e per meglio valorizzare la storia e il territorio, \u00e8 stata fatta <strong>una mappatura dei resti medievali<\/strong> superstiti nel comune di Volpiano, creando un percorso culturale attraverso le vie ed i cortili del centro storico. Sar\u00e0 cos\u00ec possibile, durante la manifestazione medievale che si tiene ogni due anni, visitare <strong>siti risalenti al XIV e XV secolo<\/strong>, inseriti nel contesto del tessuto abitativo moderno, immergendosi in un itinerario di esplorazione archeologica che, in prospettiva, intende coinvolgere anche i comuni di San Benigno Canavese, San Martino Canavese, Settimo Torinese, Valperga, Caluso e Rivarolo Canavese, a vario titolo interessati dalle vicende della guerra trecentesca del Canavese.<\/p>\n<p>L&#8217;evento di Volpiano, che pu\u00f2 vantare\u00a0la presenza di\u00a0<strong>oltre 500 revocatori<\/strong> tra gruppi storici e artisti oltre a uno dei pi\u00f9 grandi mercati artigianali a tema medievale con pi\u00f9 di 40 banchi, offrir\u00e0 anche ai visitatori la possibilit\u00e0 di consumare bevande e piatti tipici nelle <strong>taverne operanti in un contesto molto suggestivo<\/strong> che vede il paese completamente allestito a tema.<\/p>\n<p>Nutrito sar\u00e0 poi il programma di attivit\u00e0 culturali, tra mostre e conferenze, e non mancheranno iniziative pensate per i pi\u00f9 piccoli, come l&#8217;asilo medievale e la <strong>Grande Battaglia<\/strong>, gioco di ruolo che coinvolger\u00e0 150 bambini.<\/p>\n<p>Per il programma dettagliato e in continuo aggiornamento, consultare il sito internet\u00a0<a href=\"http:\/\/www.debellocanepiciano.it\/\">www.debellocanepiciano.it<\/a><\/p>\n<p style=\"text-align: center;\">Facebook @festamedievalevolpiano<\/p>\n<p style=\"text-align: center;\">cell. 347.6826305 \/ 335.6111237<\/p>\n<p style=\"text-align: center;\">E-mail: <a href=\"mailto:tavoladismeraldo@msn.com\">tavoladismeraldo@msn.com<\/a><\/p>\n<p>&nbsp;<\/p>\n<p>&nbsp;<\/p>\n<p>&nbsp;<\/p>\n","protected":false},"excerpt":{"rendered":"<p>Nel fine settimana del 7 e 8 ottobre il comune canavesano di Volpiano torner\u00e0 ad ospitare la manifestazione battezzata &#8220;1339 &#8211; De Bello&#8230;<\/p>\n","protected":false},"author":1,"featured_media":6913,"comment_status":"closed","ping_status":"closed","template":"","meta":{"_tribe_events_status":"","_tribe_events_status_reason":""},"tags":[4429,2320,3424,76,2899,3548,3546,206,105,2621,1982,35,3069,2125],"tribe_events_cat":[4421],"_links":{"self":[{"href":"https:\/\/www.piemonteis.org\/index.php?rest_route=\/wp\/v2\/tribe_events\/6911"}],"collection":[{"href":"https:\/\/www.piemonteis.org\/index.php?rest_route=\/wp\/v2\/tribe_events"}],"about":[{"href":"https:\/\/www.piemonteis.org\/index.php?rest_route=\/wp\/v2\/types\/tribe_events"}],"author":[{"embeddable":true,"href":"https:\/\/www.piemonteis.org\/index.php?rest_route=\/wp\/v2\/users\/1"}],"replies":[{"embeddable":true,"href":"https:\/\/www.piemonteis.org\/index.php?rest_route=%2Fwp%2Fv2%2Fcomments&post=6911"}],"version-history":[{"count":2,"href":"https:\/\/www.piemonteis.org\/index.php?rest_route=\/wp\/v2\/tribe_events\/6911\/revisions"}],"predecessor-version":[{"id":6914,"href":"https:\/\/www.piemonteis.org\/index.php?rest_route=\/wp\/v2\/tribe_events\/6911\/revisions\/6914"}],"wp:featuredmedia":[{"embeddable":true,"href":"https:\/\/www.piemonteis.org\/index.php?rest_route=\/wp\/v2\/media\/6913"}],"wp:attachment":[{"href":"https:\/\/www.piemonteis.org\/index.php?rest_route=%2Fwp%2Fv2%2Fmedia&parent=6911"}],"wp:term":[{"taxonomy":"post_tag","embeddable":true,"href":"https:\/\/www.piemonteis.org\/index.php?rest_route=%2Fwp%2Fv2%2Ftags&post=6911"},{"taxonomy":"tribe_events_cat","embeddable":true,"href":"https:\/\/www.piemonteis.org\/index.php?rest_route=%2Fwp%2Fv2%2Ftribe_events_cat&post=6911"}],"curies":[{"name":"wp","href":"https:\/\/api.w.org\/{rel}","templated":true}]}}

<p>Nel fine settimana del 7 e 8 ottobre il comune canavesano di<strong> Volpiano</strong> tornerà ad ospitare la manifestazione battezzata &#8220;<strong>1339 &#8211; De Bello Canepiciano</strong>&#8220;, settima edizione dell&#8217;evento organizzato dalla Pro Loco di Volpiano e ideato dall&#8217;associazione <strong>Tavola di Smeraldo </strong>che da tempo opera in ambito storico-culturale per lo studio e la valorizzazione del territorio con particolare riguardo al periodo medievale.</p>
<p><img decoding="async" loading="lazy" class="size-medium aligncenter" src="https://i.pinimg.com/originals/47/aa/b0/47aab0ebacabd9dd8aa8b66dfce3d6b3.jpg" width="720" height="723" /></p>
<p>Nata nel 2010 e inserita nel circuito delle rievocazioni storiche di qualità della Città Metropolitana di Torino, la manifestazione riporta all&#8217;attenzione generale una fase particolarmente drammatica della storia volpianese e canavesana, il lungo conflitto trecentesco noto come &#8220;<strong>Guerra del Canavese</strong>&#8220;, descritto dal cronista novarese Pietro Azario (1312-dopo 1366) nel volume intitolato &#8220;<strong><em>De Bello Canepiciano</em></strong>&#8220;. Il testo dell&#8217;Azario ripercorre i passaggi salienti del conflitto che trasse origine dalle aspre rivalità tra le due più influenti famiglie comitali canavesane, apparentate fra loro, ma fieramente avversarie: i <strong>ghibellini Valperga</strong>, appoggiati dai marchesi Paleologi del Monferrato, e i<strong> guelfi San Martino</strong>, sostenuti dai principi di Savoia-Acaia, vassalli dei conti di Savoia.</p>
<p>Come si evince dal sito internet dell&#8217;associazione Tavola di Smeraldo, fautrice del rinnovato interesse per i trascorsi medievali del comune canavesano, l&#8217;evento volpianese  si focalizza, in particolare, &#8220;<em>sull&#8217;episodio della<strong> presa del Castello di Volpiano</strong>, avvenuta nel 1339 ad opera di un certo Pietro da Settimo che, alle dipendenze del Marchese Giovanni II Paleologo, riuscì a compiere l’impresa con un sotterfugio&#8221;</em>. <strong>Giovanni II Paleologo, </strong>marchese del Monferrato, morì proprio nel castello di Volpiano e qui, nel marzo 1372, fu redatto il suo testamento.</p>
<p><img decoding="async" loading="lazy" class="size-medium aligncenter" src="https://i.pinimg.com/originals/a4/47/b0/a447b073ad80e307ae580962b2ec83cc.jpg" width="720" height="503" /></p>
<p>Prendendo spunto dalla rievocazione del passato, e per meglio valorizzare la storia e il territorio, è stata fatta <strong>una mappatura dei resti medievali</strong> superstiti nel comune di Volpiano, creando un percorso culturale attraverso le vie ed i cortili del centro storico. Sarà così possibile, durante la manifestazione medievale che si tiene ogni due anni, visitare <strong>siti risalenti al XIV e XV secolo</strong>, inseriti nel contesto del tessuto abitativo moderno, immergendosi in un itinerario di esplorazione archeologica che, in prospettiva, intende coinvolgere anche i comuni di San Benigno Canavese, San Martino Canavese, Settimo Torinese, Valperga, Caluso e Rivarolo Canavese, a vario titolo interessati dalle vicende della guerra trecentesca del Canavese.</p>
<p>L&#8217;evento di Volpiano, che può vantare la presenza di <strong>oltre 500 revocatori</strong> tra gruppi storici e artisti oltre a uno dei più grandi mercati artigianali a tema medievale con più di 40 banchi, offrirà anche ai visitatori la possibilità di consumare bevande e piatti tipici nelle <strong>taverne operanti in un contesto molto suggestivo</strong> che vede il paese completamente allestito a tema.</p>
<p>Nutrito sarà poi il programma di attività culturali, tra mostre e conferenze, e non mancheranno iniziative pensate per i più piccoli, come l&#8217;asilo medievale e la <strong>Grande Battaglia</strong>, gioco di ruolo che coinvolgerà 150 bambini.</p>
<p>Per il programma dettagliato e in continuo aggiornamento, consultare il sito internet <a href="http://www.debellocanepiciano.it/">www.debellocanepiciano.it</a></p>
<p style="text-align: center;">Facebook @festamedievalevolpiano</p>
<p style="text-align: center;">cell. 347.6826305 / 335.6111237</p>
<p style="text-align: center;">E-mail: <a href="mailto:tavoladismeraldo@msn.com">tavoladismeraldo@msn.com</a></p>
<p>&nbsp;</p>
<p>&nbsp;</p>
<p>&nbsp;</p>

<p>Nel fine settimana del 7 e 8 ottobre il comune canavesano di Volpiano tornerà ad ospitare la manifestazione battezzata &#8220;1339 &#8211; De Bello&#8230;</p>
